n base 8?
34574
What is 524 (base 9) in base 15?
1d7
What is 1040403 (base 5) in base 7?
104100
2a2 (base 14) to base 11
446
-693 (base 10) to base 4
-22311
What is -55c (base 13) in base 16?
-39a
Convert -1200 (base 5) to base 4.
-2233
-33123 (base 4) to base 8
-1733
Convert -165 (base 14) to base 8.
-435
What is 4e7 (base 16) in base 8?
2347
Convert 220 (base 13) to base 12.
264
What is -113222 (base 4) in base 14?
-7a2
What is 10723 (base 12) in base 4?
11110023
1175 (base 10) to base 14
5dd
What is -10531 (base 9) in base 11?
-5289
Convert 112117 (base 8) to base 5.
2203332
-10231 (base 4) to base 14
-177
What is 93aa (base 14) in base 13?
b766
2000 (base 4) to base 15
88
What is -33 (base 10) in base 15?
-23
Convert 2501 (base 7) to base 8.
1644
What is 100120110 (base 3) in base 13?
323a
Convert -2d5b (base 14) to base 8.
-17665
What is 9113 (base 10) in base 4?
2032121
What is 196 (base 15) in base 3?
111120
Convert -12858 (base 10) to base 9.
-18566
What is -327 (base 8) in base 13?
-137
Convert 10030 (base 5) to base 9.
781
What is -11211 (base 3) in base 12?
-aa
What is 6144 (base 13) in base 14?
4c59
-4742 (base 13) to base 3
-111202022
Convert -15433 (base 9) to base 12.
-6140
-1332313 (base 4) to base 16
-1fb7
What is -111101101010 (base 2) in base 4?
-331222
Convert -1011201200 (base 3) to base 5.
-1220010
Convert -2005 (base 6) to base 11.
-368
What is -110110101 (base 2) in base 11?
-368
-3044002 (base 5) to base 12
-24a45
100111110110011 (base 2) to base 10
20403
Convert 349 (base 12) to base 7.
1266
-2a27 (base 14) to base 12
-43b7
What is -30102203 (base 4) in base 2?
-1100010010100011
6a75 (base 12) to base 7
46454
874 (base 9) to base 14
391
What is -7905 (base 10) in base 7?
-32022
211111 (base 3) to base 4
21133
Convert 22303110 (base 4) to base 3.
2020200200
What is -16201 (base 9) in base 8?
-25532
Convert 331333 (base 5) to base 7.
45302
Convert 121210 (base 3) to base 7.
1215
-20212 (base 6) to base 15
-bd2
What is 367b (base 12) in base 4?
1133333
Convert -e65 (base 16) to base 7.
-13513
Convert 2321120 (base 4) to base 15.
37ae
Convert 131 (base 7) to base 11.
65
What is 1aa92 (base 11) in base 7?
151212
Convert 3821 (base 12) to base 11.
4863
5001 (base 6) to base 16
439
What is 132240 (base 6) in base 13?
571b
-53145 (base 8) to base 14
-80bb
9f3 (base 16) to base 4
213303
Convert -18050 (base 12) to base 7.
-202635
What is 21970 (base 10) in base 4?
11113102
What is -31300210 (base 4) in base 11?
-39383
Convert -3554 (base 7) to base 9.
-1718
101 (base 16) to base 8
401
-5512 (base 16) to base 11
-153a9
What is 1011000110 (base 2) in base 11?
596
Convert -34 (base 16) to base 5.
-202
What is -12123 (base 5) in base 7?
-2443
Convert 101110 (base 5) to base 3.
11111111
Convert 1054 (base 10) to base 7.
3034
Convert -6b38 (base 16) to base 3.
-1101122121
-23331121 (base 4) to base 13
-193b1
What is -9781 (base 13) in base 14?
-7965
What is -253b2 (base 12) in base 9?
-76458
8b83 (base 16) to base 11
24919
Convert 2ab21 (base 12) to base 16.
ebc9
Convert -144221 (base 5) to base 11.
-4714
Convert 13442 (base 7) to base 5.
104111
Convert 713 (base 14) to base 3.
1220110
Convert -2150 (base 8) to base 16.
-468
-1009 (base 10) to base 15
-474
What is 111101000 (base 2) in base 13?
2b7
Convert 2dc4 (base 14) to base 12.
4900
2008 (base 12) to base 15
105e
Convert 1519 (base 12) to base 11.
1945
What is -3311 (base 8) in base 15?
-7ac
Convert 11312100 (base 4) to base 6.
302520
Convert 22820 (base 11) to base 15.
9b59
17bc (base 16) to base 10
6076
230031 (base 4) to base 5
42304
-14112 (base 7) to base 13
-1989
What is -a607 (base 13) in base 4?
-11213033
Convert -31110 (base 4) to base 7.
-2325
Convert 721 (base 13) to base 6.
5334
What is -301f (base 16) in base 10?
-12319
Convert -3122021 (base 4) to base 15.
-420b
Convert -111111000 (base 2) to base 4.
-13320
What is -39231 (base 10) in base 12?
-1a853
1640d (base 15) to base 12
35664
65ae (base 15) to base 12
1056b
Convert -210001 (base 3) to base 8.
-1070
10010110000111111 (base 2) to base 13
28ca7
Convert 24f (base 16) to base 12.
413
What is 69c (base 14) in base 8?
2442
What is 522 (base 9) in base 5?
3200
Convert 141311 (base 5) to base 4.
1123013
What is 22332 (base 4) in base 11?
589
-7b4 (base 12) to base 8
-2170
365 (base 10) to base 4
11231
What is 3324 (base 6) in base 14?
3d2
325 (base 7) to base 4
2212
What is -15342 (base 7) in base 10?
-4293
Convert -23b (base 13) to base 6.
-1444
-32a (base 16) to base 14
-41c
20202001 (base 3) to base 8
11463
-1321230 (base 4) to base 16
-1e6c
Convert -351544 (base 6) to base 2.
-111011000011000
Convert -2417 (base 11) to base 9.
-4305
What is 28776 (base 11) in base 4?
21332130
222331 (base 5) to base 12
4655
Convert -199 (base 12) to base 7.
-522
What is -100010011110 (base 2) in base 4?
-202132
What is -55055 (base 6) in base 9?
-11368
Convert 812c (base 13) to base 12.
a35b
What is 13c (base 16) in base 14?
188
What is 130344 (base 5) in base 8?
11753
12011 (base 3) to base 13
a9
-240 (base 9) to base 4
-3012
-3244 (base 5) to base 16
-1c1
What is 30b (base 16) in base 7?
2162
Convert -23b (base 13) to base 6.
-1444
What is 1737 (base 9) in base 16?
532
Convert 1948 (base 10) to base 4.
132130
Convert 8c87 (base 14) to base 11.
17393
-300 (base 16) to base 4
-30000
-145636 (base 9) to base 2
-10101110101110001
-ca05 (base 15) to base 14
-1181d
What is b497 (base 13) in base 9?
37221
What is 2d8 (base 14) in base 7?
1461
Convert -159 (base 13) to base 16.
-f3
What is -272 (base 15) in base 16?
-22d
What is -2023 (base 5) in base 4?
-10013
What is 1786 (base 9) in base 4?
111132
Convert -10302312 (base 4) to base 7.
-111153
What is -304430 (base 5) in base 3?
-111201000
What is 664 (base 15) in base 12?
a04
Convert -1000100011 (base 2) to base 7.
-1411
-1040a (base 12) to base 13
-9922
What is -1315 (base 16) in base 5?
-124020
What is 111133 (base 5) in base 8?
7516
What is 1686 (base 12) in base 3?
10200210
What is -336 (base 14) in base 8?
-1174
Convert -1070 (base 11) to base 9.
-1834
What is 13012 (base 4) in base 16?
1c6
Convert -33373 (base 8) to base 3.
-201022022
-4200 (base 5) to base 9
-671
222231 (base 4) to base 3
10202020
Convert 1926 (base 16) to base 14.
24bc
Convert -308 (base 10) to base 16.
-134
Convert -28a6 (base 11) to base 14.
-1518
-727 (base 12) to base 11
-865
Convert -20130131 (base 4) to base 14.
-c869
Convert -22136 (base 11) to base 3.
-1122001001
Convert -336 (base 8) to base 12.
-166
What is -1101011010100 (base 2) in base 12?
-3b84
What is 1041 (base 8) in base 3?
202012
What is -2538 (base 14) in base 9?
-8842
-102 (base 3) to base 15
-b
Convert 4096 (base 11) to base 5.
133204
-10121012212 (base 3) to base 9
-117185
Convert 55c (base 15) to base 11.
a02
4936 (base 15) to base 5
444301
Convert -103001 (base 4) to base 9.
-1602
Convert 5140 (base 6) to base 3.
1120020
Convert -518 (base 15) to base 8.
-2174
-1df (base 16) to base 6
-2115
Convert -1434 (base 11) to base 14.
-964
Convert -6120 (base 8) to base 15.
-e02
What is -11759 (base 16) in base 11?
-49802
-2331013 (base 4) to base 7
-50200
What is 2e0 (base 15) in base 7?
1632
What is -268a (base 11) in base 5?
-102421
What is 121 (base 6) in base 10?
49
What is 102023 (base 4) in base 3?
1121002
11000011 (base 3) to base 5
43140
2219 (base 10) to base 11
1738
What is -144042 (base 5) in base 14?
-2351
What is 1010111010 (base 2) in base 11?
585
Convert -5004 (base 7) to base 13.
-a23
What is -1020121211 (base 3) in base 15?
-73e1
What is 6942 (base 15) in base 8?
53501
What is ab3 (base 12) in base 2?
11000100111
What is 343 (base 11) in base 5?
3120
Convert 54a (base 14) to base 4.
100112
-b22 (base 14) to base 8
-4212
Convert -24413 (base 6) to base 2.
-111000011001
10110100011 (base 2) to base 8
2643
-2322100 (base 4) to base 9
-17314
-2341 (base 6) to base 2
-1000110101
-36031 (base 7) to base 8
-22103
2241 (base 7) to base 8
1455
-5622 (base 9) to base 7
-15050
-456 (base 12) to base 5
-10032
-203312 (base 4) to base 12
-13b2
Convert -14418 (base 13) to base 14.
-dc18
Convert 248a (base 15) to base 2.
1111001100100
413 (base 16) to base 2
10000010011
What is 15717 (base 12) in base 6?
352431
15868 (base 11) to base